t common divisor of 380 and 160?
20
Calculate the greatest common factor of 380 and 3876.
76
Calculate the highest common factor of 4617 and 57.
57
Calculate the highest common divisor of 15 and 115.
5
What is the highest common factor of 210 and 255?
15
Calculate the greatest common divisor of 385 and 66.
11
What is the highest common factor of 212 and 371?
53
Calculate the greatest common factor of 63 and 45.
9
What is the greatest common divisor of 332 and 20?
4
Calculate the greatest common factor of 2670 and 30.
30
Calculate the greatest common factor of 195 and 8580.
195
What is the highest common divisor of 5 and 370?
5
Calculate the greatest common divisor of 28 and 108.
4
What is the highest common factor of 170 and 476?
34
What is the greatest common divisor of 400 and 32?
16
Calculate the highest common factor of 27 and 99.
9
What is the highest common divisor of 13 and 1079?
13
Calculate the highest common divisor of 1 and 81.
1
What is the highest common divisor of 1433 and 8?
1
Calculate the highest common divisor of 12020 and 20.
20
Calculate the greatest common divisor of 4879 and 205.
41
Calculate the greatest common factor of 258 and 6.
6
Calculate the greatest common divisor of 558 and 18.
18
What is the highest common factor of 8851 and 106?
53
What is the highest common factor of 144 and 468?
36
What is the highest common divisor of 333 and 45?
9
What is the greatest common divisor of 31456 and 32?
32
Calculate the greatest common divisor of 16 and 1.
1
Calculate the greatest common factor of 6 and 66.
6
Calculate the highest common factor of 111 and 3811.
37
What is the greatest common divisor of 85 and 4165?
85
What is the greatest common divisor of 1533 and 357?
21
Calculate the greatest common factor of 1122 and 957.
33
What is the greatest common factor of 2112 and 11?
11
Calculate the greatest common divisor of 26940 and 60.
60
Calculate the highest common factor of 132 and 3850.
22
Calculate the highest common factor of 51 and 629.
17
Calculate the greatest common factor of 143 and 704.
11
Calculate the highest common factor of 323 and 19.
19
Calculate the greatest common divisor of 2442 and 660.
66
What is the greatest common divisor of 158 and 2923?
79
Calculate the greatest common factor of 477 and 3975.
159
What is the greatest common divisor of 24 and 216?
24
Calculate the greatest common divisor of 15 and 10725.
15
What is the greatest common factor of 1644 and 60?
12
Calculate the greatest common divisor of 54 and 918.
54
What is the greatest common divisor of 10624 and 83?
83
Calculate the highest common divisor of 62 and 775.
31
What is the highest common factor of 72 and 534?
6
What is the greatest common factor of 17208 and 72?
72
What is the highest common divisor of 102 and 357?
51
What is the greatest common factor of 1360 and 2295?
85
Calculate the greatest common divisor of 408 and 4.
4
What is the greatest common divisor of 117 and 156?
39
What is the highest common divisor of 29 and 29?
29
Calculate the greatest common factor of 1446 and 18.
6
What is the greatest common divisor of 615 and 45?
15
What is the greatest common factor of 50 and 8?
2
Calculate the greatest common factor of 6262 and 1212.
202
What is the highest common divisor of 476 and 1008?
28
What is the greatest common factor of 371 and 28?
7
Calculate the highest common factor of 1050 and 126.
42
What is the highest common factor of 1650 and 190?
10
What is the highest common factor of 14 and 2688?
14
Calculate the highest common factor of 2856 and 120.
24
Calculate the highest common divisor of 26624 and 65.
13
Calculate the highest common factor of 20 and 4460.
20
Calculate the highest common factor of 64 and 1808.
16
What is the highest common factor of 399 and 171?
57
What is the highest common divisor of 145 and 29?
29
What is the highest common factor of 225 and 125?
25
Calculate the greatest common divisor of 1170 and 180.
90
Calculate the highest common factor of 29 and 1769.
29
Calculate the greatest common divisor of 8 and 316.
4
Calculate the greatest common divisor of 1692 and 1222.
94
Calculate the highest common divisor of 85 and 62900.
85
Calculate the highest common divisor of 280 and 160.
40
What is the greatest common divisor of 9 and 1710?
9
Calculate the highest common divisor of 72 and 9.
9
Calculate the greatest common factor of 71 and 781.
71
What is the greatest common factor of 198 and 528?
66
Calculate the highest common divisor of 210 and 90.
30
Calculate the highest common factor of 3485 and 136.
17
Calculate the greatest common factor of 84 and 1044.
12
What is the greatest common factor of 20 and 56180?
20
Calculate the greatest common divisor of 13 and 767.
13
What is the greatest common divisor of 7037 and 62?
31
Calculate the highest common divisor of 1501 and 190.
19
Calculate the greatest common divisor of 952 and 136.
136
Calculate the highest common factor of 15 and 690.
15
What is the highest common divisor of 212 and 156?
4
Calculate the highest common factor of 1139 and 67.
67
Calculate the greatest common divisor of 66570 and 70.
70
What is the highest common divisor of 81 and 783?
27
What is the greatest common factor of 31242 and 246?
246
Calculate the greatest common factor of 1089 and 9.
9
Calculate the highest common divisor of 21 and 1344.
21
Calculate the highest common divisor of 364 and 5712.
28
What is the greatest common factor of 6 and 31644?
6
Calculate the highest common divisor of 26 and 104.
26
Calculate the greatest common factor of 3 and 309.
3
Calculate the greatest common divisor of 2420 and 10.
10
What is the highest common factor of 1104 and 80?
16
What is the highest common divisor of 132 and 36?
12
Calculate the greatest common divisor of 195 and 345.
15
Calculate the highest common divisor of 140 and 28.
28
Calculate the greatest common divisor of 201 and 469.
67
Calculate the highest common divisor of 749 and 7.
7
What is the greatest common divisor of 92 and 10396?
92
What is the greatest common divisor of 1700 and 68?
68
What is the greatest common divisor of 3084 and 336?
12
What is the highest common divisor of 603 and 268?
67
What is the highest common divisor of 13 and 1664?
13
What is the highest common factor of 1284 and 24?
12
What is the greatest common divisor of 15 and 10?
5
Calculate the greatest common factor of 15 and 795.
15
What is the greatest common factor of 24 and 36?
12
Calculate the highest common factor of 340 and 255.
85
Calculate the greatest common factor of 175 and 1775.
25
What is the highest common divisor of 18 and 12?
6
Calculate the highest common divisor of 2 and 10.
2
What is the greatest common divisor of 176 and 28?
4
What is the greatest common factor of 770 and 66?
22
Calculate the greatest common factor of 1023 and 132.
33
Calculate the greatest common divisor of 113 and 20227.
113
Calculate the highest common factor of 3509 and 847.
121
What is the highest common factor of 54 and 6462?
18
Calculate the greatest common factor of 174 and 4988.
58
What is the highest common divisor of 252 and 224?
28
Calculate the greatest common factor of 237 and 6241.
79
What is the greatest common factor of 135 and 1035?
45
What is the highest common factor of 7231 and 49?
7
What is the highest common factor of 45 and 4815?
45
What is the greatest common divisor of 4 and 4700?
4
Calculate the greatest common divisor of 133 and 893.
19
Calculate the greatest common factor of 2085 and 60.
15
What is the greatest common divisor of 14 and 476?
14
Calculate the highest common factor of 70 and 460.
10
Calculate the highest common divisor of 96 and 1632.
96
What is the greatest common factor of 273 and 741?
39
What is the highest common divisor of 533 and 2747?
41
What is the highest common divisor of 244 and 15616?
244
Calculate the greatest common factor of 61625 and 29.
29
Calculate the highest common factor of 17 and 3043.
17
What is the highest common factor of 12586 and 14?
14
Calculate the highest common divisor of 402 and 318.
6
What is the highest common divisor of 88 and 99?
11
What is the highest common divisor of 128 and 576?
64
What is the highest common divisor of 96 and 1656?
24
What is the greatest common divisor of 3675 and 150